vide 60552?
True
Is 411743 a multiple of 593?
False
Is 12 a factor of 555805?
False
Does 3 divide 1999099?
False
Is 271660 a multiple of 170?
True
Does 8 divide 122720?
True
Is 43 a factor of 18606?
False
Is 20985747 a multiple of 19?
True
Is 195 a factor of 612611?
False
Does 69 divide 2438144?
False
Does 524 divide 198596?
True
Is 7 a factor of 301195?
False
Does 58 divide 25752?
True
Does 1875 divide 6740625?
True
Is 2782853 a multiple of 101?
True
Does 262 divide 2023646?
False
Is 76 a factor of 3464916?
True
Is 50 a factor of 105755?
False
Does 4 divide 441860?
True
Is 439 a factor of 3119534?
True
Does 8 divide 50609?
False
Is 3253698 a multiple of 34?
True
Is 9 a factor of 61506?
True
Does 4 divide 81996?
True
Is 7 a factor of 1710386?
False
Is 13 a factor of 10421894?
False
Does 36 divide 5087232?
True
Is 12 a factor of 512176?
False
Is 113 a factor of 7121712?
True
Does 11 divide 33594?
True
Is 518976 a multiple of 45?
False
Is 106 a factor of 5159913?
False
Is 461 a factor of 63602?
False
Is 26 a factor of 114192?
True
Is 56 a factor of 265384?
True
Is 24 a factor of 1161432?
True
Is 5704933 a multiple of 1248?
False
Is 989871 a multiple of 151?
False
Is 100419 a multiple of 11?
True
Is 208 a factor of 388545?
False
Does 210 divide 11614?
False
Does 22 divide 66664?
False
Is 25263 a multiple of 7?
True
Is 201794 a multiple of 41?
False
Does 126 divide 487368?
True
Is 20010 a multiple of 5?
True
Is 400809 a multiple of 271?
True
Does 37 divide 131609?
True
Does 386 divide 2285120?
True
Is 21 a factor of 622330?
False
Does 35 divide 857815?
True
Is 35217 a multiple of 21?
True
Is 316 a factor of 352024?
True
Does 7 divide 10627025?
False
Does 73 divide 37663?
False
Is 11 a factor of 546755?
True
Is 10680490 a multiple of 5?
True
Is 21255250 a multiple of 10?
True
Does 44 divide 589780?
False
Is 543 a factor of 5460951?
True
Is 3 a factor of 39537?
True
Does 75 divide 5757375?
True
Is 8483515 a multiple of 22?
False
Does 86 divide 1776158?
True
Is 150776 a multiple of 47?
True
Is 28 a factor of 1271446?
False
Is 5896805 a multiple of 59?
False
Is 938584 a multiple of 1092?
False
Does 34 divide 805256?
True
Does 471 divide 413538?
True
Is 335671 a multiple of 53?
False
Is 119926 a multiple of 61?
True
Does 8 divide 40992?
True
Is 18279342 a multiple of 23?
True
Is 14779 a multiple of 17?
False
Is 15 a factor of 21762870?
True
Is 32 a factor of 8826740?
False
Is 371412 a multiple of 6?
True
Does 130 divide 1579906?
False
Is 42 a factor of 1296254?
False
Is 570 a factor of 483930?
True
Does 286 divide 74932?
True
Is 508265 even?
False
Is 34816 a multiple of 17?
True
Is 4333 even?
False
Is 55 a factor of 4185590?
False
Does 90 divide 1645650?
True
Is 268 a factor of 469867?
False
Does 278 divide 1777810?
True
Is 1683361 a multiple of 12?
False
Is 822889 a multiple of 28?
False
Is 29109 a multiple of 46?
False
Is 325 a multiple of 16?
False
Is 559550 a multiple of 62?
True
Does 249 divide 1146894?
True
Does 30 divide 3140850?
True
Is 13 a factor of 5065098?
False
Is 152950 a multiple of 230?
True
Is 4 a factor of 22896?
True
Does 6 divide 700582?
False
Does 79 divide 296013?
True
Is 2014592 a multiple of 1079?
False
Is 124 a factor of 10398?
False
Is 25 a factor of 573725?
True
Does 10 divide 412143?
False
Is 3166633 a multiple of 24?
False
Does 31 divide 566796?
False
Does 47 divide 270861?
True
Does 142 divide 720508?
True
Does 21 divide 124090?
False
Is 4401492 a multiple of 127?
False
Does 55 divide 3612879?
False
Is 4906459 a multiple of 9?
False
Is 34 a factor of 446386?
True
Is 21400 a multiple of 100?
True
Is 8 a factor of 66752?
True
Is 589661 a multiple of 23?
False
Does 143 divide 166595?
True
Is 7 a factor of 156800?
True
Does 1473 divide 14781755?
False
Is 756808 a multiple of 10?
False
Is 45582 a multiple of 8?
False
Is 445830 a multiple of 165?
True
Is 30 a factor of 463470?
True
Is 5 a factor of 4610?
True
Does 380 divide 4806240?
True
Is 8632668 a multiple of 204?
True
Does 20 divide 429700?
True
Does 12 divide 219444?
True
Does 87 divide 3675837?
True
Is 95948 a multiple of 332?
True
Is 15 a factor of 436293?
False
Is 7 a factor of 8918?
True
Is 28404 a multiple of 8?
False
Is 27 a factor of 2624810?
False
Does 83 divide 18014?
False
Is 32048 a multiple of 3?
False
Is 555936 a multiple of 97?
False
Is 894999 a multiple of 15?
False
Is 67 a factor of 17508?
False
Is 12768156 a multiple of 7?
False
Is 2924670 a multiple of 15?
True
Does 9 divide 37871?
False
Is 33 a factor of 1154461?
False
Does 17 divide 1476144?
True
Is 73726 a multiple of 193?
True
Is 8 a factor of 850152?
True
Is 9 a factor of 7110864?
True
Does 5 divide 305039?
False
Is 1336170 a multiple of 6?
True
Does 55 divide 44784?
False
Is 746 a factor of 561738?
True
Is 1153 a factor of 13384865?
False
Is 40 a factor of 6081869?
False
Is 58349 a multiple of 83?
True
Does 3 divide 1604708?
False
Is 28800 a multiple of 225?
True
Is 736030 a multiple of 120?
False
Is 752 a factor of 11391723?
False
Is 29 a factor of 355598?
True
Does 64 divide 161792?
True
Does 40 divide 16528?
False
Does 23 divide 2572918?
True
Is 18 a factor of 23514?
False
Is 3398720 a multiple of 10?
True
Does 122 divide 71622?
False
Does 206 divide 233977?
False
Does 59 divide 1032220?
False
Does 9 divide 1494?
True
Does 8 divide 1200?
True
Is 21200 a multiple of 100?
True
Does 77 divide 7308301?
True
Is 2 a factor of 313048?
True
Does 15 divide 220395?
True
Is 3165717 a multiple of 183?
True
Is 10 a factor of 1695780?
True
Is 7 a factor of 754079?
False
Is 440 a factor of 11175307?
False
Is 35035 a multiple of 5?
True
Does 17 divide 11207284?
True
Does 150 divide 270750?
True
Is 494322 a multiple of 140?
False
Is 2792471 a multiple of 1853?
True
Is 40 a factor of 32151?
False
Is 52398 a multiple of 246?
True
Does 27 divide 222669?
True
Does 254 divide 434931?
False
Is 15 a factor of 52590?
True
Is 613 a factor of 100532?
True
Does 51 divide 27302?
False
Is 135913 a multiple of 14?
False
Is 60 a factor of 564600?
True
Is 14 a factor of 570276?
True
Is 34 a factor of 352240?
True
Is 1617110 a multiple of 122?
True
Is 1087347 a multiple of 186?
False
Is 369 a factor of 161253?
True
Is 596 a factor of 1220852?
False
Does 27 divide 144990?
True
Is 1248 a factor of 1110864?
False
Is 3692961 a multiple of 51?
True
Is 104 a factor of 117230?
False
Is 164961 a multiple of 500?
False
Is 44490 a multiple of 5?
True
Is 9430675 a multiple of 6?
False
Does 186 divide 1575931?
False
Does 179 divide 198975?
False
Is 1157301 a multiple of 6?
False
Does 18 divide 81270?
True
Is 990 a factor of 3111570?
True
Is 944634 a multiple of 16?
False
Is 16248 a multiple of 28?
False
Does 6 divide 17063326?
False
Is 408 a factor of 831829?
False
Is 183 a factor of 14765904?
True
Is 41678 a multiple of 14?
True
Is 45210 a multiple of 137?
True
Does 256 divide 3035648?
True
Is 3 a factor of 137176?
False
Is 1553556 a multiple of 12?
True
Is 92915 a multiple of 32?
False
Is 5579 even?
False
Is 173352 a multiple of 70?
False
Is 196 a factor of 4469799?
False
Is 2019501 a multiple of 33?
True
Is 35 a factor of 30485?
True
Is 558762 a multiple of 111?
False
Is 118 a factor of 259510?
False
Is 38918 a multiple of 22?
True
Is 33645 a multiple of 412?
False
Is 184 a factor of 775744?
True
Does 611 divide 4193075?
False
Is 3622684 a multiple of 23?
True
Does 18 divide 4944415?
False
Is 168210 a multiple of 38?
False
Does 2 divide 422176?
True
Is 882452 a multiple of 53?
False
Is 151 a factor of 399999?
True
Is 30 a factor of 8718?
False
Is 19002 a multiple of 5?
False
Is 16562457 a multiple of 74?
False
Is 339 a factor of 387477?
True
Is 10096567 a multiple of 13?
True
Does 37 divide 5817754?
False
Is 3303263 a multiple of 79?
False
Does 31 divide 2587123?
False
Is 36110 a multiple of 5?
True
Is 34 a factor of 5295908?
True
Is 4210581 a multiple of 743?
True
Is 227370 a multiple of 30?
True
Does 78 divide 78755?
False
Is 7927150 a multiple of 11?
True
Is 60 a factor of 2499660?
True
Is 21974106 a multiple of 231?
True
Is 336 a factor of 731136?
True
Is 499 a factor of 1083244?
False
Does 308 divide 43233?
False
Does 62 divide 1468222?
True
Is 25 a factor of 1849650?
True
Is 75 a factor of 62114?
False
Is 773437 a multiple of 3